 f and 222.
6
Suppose 83 = -q - 298. Let x = 535 + q. Calculate the highest common divisor of 22 and x.
22
Let q be 28 + -5 + -2 + 0. Suppose s = 11 + 7. Suppose -7*p - 77 = -s*p. Calculate the greatest common divisor of p and q.
7
Suppose -36*q = -24*q - 36. Suppose -152 = -4*m - 5*y, 2*m = -q*m - 4*y + 190. What is the highest common factor of m and 95?
19
Suppose 4*x - 6 = x, -106 = 3*l - 2*x. Let c = 1 - l. What is the highest common divisor of 140 and c?
35
Suppose 4*q + 8 = -4. Let o be (q/6 + 1)*-2. Let w be (-12)/(-24) + 21/2 + o. Calculate the greatest common divisor of w and 10.
10
Let x(s) = -85*s - 655. Let y be x(-8). What is the highest common factor of 335 and y?
5
Let j be 4 - (0 + (0 - -2)). Suppose -65 = -10*l + 35. Suppose l = -8*g + 13*g. Calculate the greatest common factor of j and g.
2
Let n(f) = 2*f**2 + 51*f + 76. Let u be n(-24). Calculate the greatest common divisor of u and 1228.
4
Let w be 0 + (16150/250 - (-2)/5). Let x = 18 - 13. Calculate the highest common divisor of w and x.
5
Suppose v - 25 = -3*m, 5*v + m - 3*m - 57 = 0. Suppose 274*l + 28*l = 19369 + 8113. What is the greatest common factor of v and l?
13
Suppose -d - 3483 = 1206*a - 1208*a, 2*d + 8708 = 5*a. What is the greatest common factor of a and 2010?
134
Let q(o) = 17*o - 14. Let v(p) = -8*p + 8. Let r(f) = -2*q(f) - 5*v(f). Let n be r(6). Let h = 94 - -26. Calculate the highest common factor of h and n.
24
Suppose 0 = -24*z + 26*z - 4*j - 180, -4*j - 420 = -5*z. Calculate the highest common divisor of 2500 and z.
20
Let n(p) = 9*p**2 + p - 3*p**3 + 3*p + 9*p + 2*p**3 - 15. Let h be n(10). Let k be -6*(-1)/(-2) + 33. What is the greatest common factor of k and h?
15
Let s be 99/117 + (-2)/(-13). Let t be 156/(-6)*(-2 - (0 - s)). Suppose -28*l + 448 = -t*l. What is the greatest common factor of 28 and l?
28
Let l(x) be the third derivative of 5/24*x**4 + 0*x - 17*x**2 + 0 + 7/3*x**3. Let c be l(14). What is the greatest common divisor of 24 and c?
12
Let l = -10 - -59. Let q = 309 - 162. Calculate the greatest common factor of q and l.
49
Let h = -31 + 32. Let n = 2 + h. Suppose 0*t + 88 = x - 2*t, -n*x + t + 269 = 0. What is the highest common divisor of x and 18?
18
Let j = 9741 + -6429. Calculate the highest common factor of 132 and j.
12
Suppose 2*t + 3 = 15, -3*t + 3008 = 23*i. Let a = 115 - -210. Calculate the highest common factor of i and a.
65
Let f(b) = 38*b**2 + 2*b - 4. Let y be f(-5). Let k(m) = 3*m**2 - 73*m + 340. Let a be k(19). What is the greatest common factor of y and a?
36
Let u = -30 + 19. Let j be 6/(-42)*-35*(-2)/(-10). Let a be (u/j)/(7/(-154)). What is the highest common divisor of 22 and a?
22
Let i(w) = 30*w**2 - 129*w + 10. Let h be i(6). Calculate the greatest common divisor of h and 158.
158
Let x(a) = -196*a + 4724. Let j be x(17). What is the highest common divisor of j and 384?
48
Let g = 23903 + -23803. Calculate the highest common factor of 500 and g.
100
Suppose -15*f + 116 = -94. Let d(b) = -b**3 + 14*b**2. Let h be d(f). Suppose h = -10*a + 143 + 187. Calculate the greatest common divisor of a and 22.
11
Let s be (-6)/21 + 64/28. Suppose -5*d = 5*u - 335, 7*d - 293 = 3*d + u. What is the highest common factor of s and d?
2
Let f(k) = k**3 + 11*k**2 + 15*k + 15. Let h be f(-9). Suppose 3*u = 4*i + 34, 2*u + 3*i = h + 9. Calculate the highest common divisor of 180 and u.
18
Let y = -25142 + 32624. Calculate the highest common divisor of y and 6.
6
Let x be 12 + -8 + -1 + 5. Suppose -x*m + 104 + 64 = 0. Suppose 2*i + 5*i = m. Calculate the highest common factor of i and 12.
3
Let d be 4*(-36)/(-240) + 2164/10. Let t be (279/5)/((-21)/(-35)). Calculate the greatest common factor of t and d.
31
Let w = -306 - -329. Let i be (-9 + 8 + 47)*8. Calculate the highest common factor of w and i.
23
Let m = -746 + 324. Let c = -406 - m. Calculate the greatest common divisor of 592 and c.
16
Let p be (-24680)/100 - 2*2/(-5). Let a = 270 + p. Calculate the greatest common factor of a and 768.
24
Suppose 3*y = -y - b + 3, 4*y = 4*b + 28. Suppose 0 = y*c - 7 - 1. Let j be ((-3)/(-2))/((-9)/(-72)). What is the greatest common factor of c and j?
4
Let n = 225 + -232. Let t be 30 + n/7*(3 + 1). What is the greatest common divisor of t and 39?
13
Suppose 23*r = -1087 + 1363. What is the highest common divisor of r and 2028?
12
Let q be (-18)/3 + (38 - 12). Let f be -135*(132/q + -7). What is the greatest common factor of f and 324?
54
Let c be (98 - 869)*1/(-3). Suppose -9*i + 238 + c = 0. Let a = -2 - -7. What is the greatest common divisor of a and i?
5
Let m(d) = -4*d**3 - 10*d**2 + 139*d - 28. Let u be m(-16). What is the highest common divisor of u and 44?
44
Suppose 55 - 15 = 2*x. Let i(q) = q**2 + 5*q - 4. Let t be i(8). What is the greatest common factor of x and t?
20
Let j = 47 - 15. Suppose -5*p + 418 = -j. Let q(o) = o**2 + 11*o - 27. Let l be q(-14). Calculate the greatest common divisor of p and l.
15
Let x be 4 + (-24)/(-9) + (-2)/(-6). Suppose x*u - 720 = -9*u. What is the highest common divisor of u and 10?
5
Let c(f) = 2*f**2 - 10*f - 65. Let k be c(-6). Let q = 83 - k. Calculate the greatest common divisor of q and 2.
2
Suppose -12*x - 1071 = -1803. Calculate the greatest common divisor of x and 4087.
61
Let g be (130/(-325))/((-3)/12690). Calculate the highest common factor of g and 8.
4
Let t(j) = 6*j**2 + 9*j - 6. Let h be t(-3). Calculate the greatest common factor of 7413 and h.
21
Let i(f) = 793*f - 64079. Let n be i(81). Suppose 4*b - 218 - 230 = 0. Calculate the greatest common factor of b and n.
14
Let l = 6957 + -6737. Calculate the highest common divisor of l and 1408.
44
Let d = -6059 + 6080. Calculate the highest common factor of 133 and d.
7
Let v(h) = h**2 + 18*h + 99. Let u be v(-23). Let l = u - 205. Let c(k) = -22*k - 1. Let w be c(-1). Calculate the greatest common factor of l and w.
3
Let k = -7662 - -13948. What is the highest common divisor of k and 14?
14
Let o(s) = 141*s + 930. Let h be o(-6). What is the greatest common divisor of 1491 and h?
21
Suppose n - 6 = -h, -147 + 137 = -5*n. Calculate the greatest common factor of 5312 and h.
4
Suppose 6*h + 110 - 650 = 0. Let d(g) = g**3 - 5*g**2 - 2*g - 12. Let m be d(6). Calculate the greatest common factor of m and h.
6
Suppose 157*w - 5957462 = -2766. Calculate the greatest common divisor of w and 88.
88
Let w = 12101 + -11821. What is the greatest common divisor of w and 984?
8
Let k be (-20)/(-4) - -151 - 2/((-18)/(-27)). Calculate the greatest common divisor of k and 20961.
153
Suppose -114 = 33*s - 35*s - 2*g, 2*s - 115 = -3*g. Calculate the highest common divisor of s and 56.
56
Suppose -2*n - 6 = 5*g, -3*n = -2*g - g + 9. Suppose g = 3*w - 467 - 424. Calculate the greatest common factor of w and 11.
11
Let y(k) = -343*k - 140. Let u be y(-4). Calculate the highest common divisor of u and 231.
77
Let r be ((-3)/(-2))/((-19)/(-380)) - 3. Let s be (-72)/r*-3*(-1 - -35). What is the highest common factor of s and 16?
16
Let x(k) = 3*k**3 + 3*k**2 + 30*k - 29. Let h be x(1). Calculate the greatest common factor of 959 and h.
7
Let s be (-1)/5 + 440388/90. What is the greatest common divisor of 21 and s?
21
Let y(f) = -f**2 - 3*f + 2. Let n be y(-3). Suppose 105 = 5*z - 5*l, n*z = -3*l - l + 24. What is the greatest common factor of 2 and z?
2
Let c = -10 + 96. Let u = 130 + c. Calculate the greatest common divisor of 24 and u.
24
Suppose 20*s + 885 = 15*s. Let q = -115 - s. Suppose 78 = -2*n + 264. What is the greatest common factor of n and q?
31
Let q(h) = 5*h - 16*h**2 - 15 + 19*h**3 - 13*h**3 - 5*h**3 - 8. Let f be q(17). Calculate the greatest common divisor of 13 and f.
13
Suppose 55 - 70 = -3*p. Suppose 191 = p*v + 56. What is the greatest common factor of 6 and v?
3
Suppose -2*n + 2382 = 2*b, -b - 341*n + 336*n = -1171. What is the greatest common factor of 276 and b?
92
Suppose -2079 = -51*r - 243. Let j = 337 - 229. What is the highest common divisor of j and r?
36
Let a be 6/(-27) + 16/(-9). Let x be -2*a*(-11)/(-2). Let f = 6060 - 6016. Calculate the greatest common divisor of x and f.
22
Let v = 3068 - 3064. What is the greatest common factor of v and 1132?
4
Suppose 0 = -29*s + 14365 + 3093. Calculate the highest common div